{"id":450,"date":"2018-07-02T11:01:00","date_gmt":"2018-07-02T11:01:00","guid":{"rendered":"https:\/\/rowerowedobro.pl\/?page_id=450"},"modified":"2018-07-20T10:35:42","modified_gmt":"2018-07-20T10:35:42","slug":"kilometry-dobra-sponsorowanie-dnia-wyprawy","status":"publish","type":"page","link":"https:\/\/dlazuzi.rowerowedobro.pl\/?page_id=450","title":{"rendered":"Kilometry dobra &#8211; sponsorowanie dnia wyprawy"},"content":{"rendered":"<p style=\"padding-left: 30px;\">W zwi\u0105zku z coraz wi\u0119kszym zainteresowaniem wykupywania kilometr\u00f3w dobra, obja\u015bniamy zasady tej formy pomocy dla\u00a0 Zuzi:<\/p>\n<ol>\n<li>Ten rodzaj sponsoringu jest form\u0105 <strong>symbolicznego wykupienia &#8222;kilometr\u00f3w dobra&#8221;.<\/strong><\/li>\n<li>Pieni\u0105dze wp\u0142aca si\u0119 na <a href=\"https:\/\/rowerowedobro.pl\/?page_id=51\">konto Zuzi prowadzone przez fundacj\u0119 S\u0142oneczko.<\/a><\/li>\n<li>Pieni\u0105dze NIE s\u0105 przeznaczane na pokrycie koszt\u00f3w wyprawy i pracy sztabu.<\/li>\n<li>Jeden dzie\u0144 wyprawy mo\u017ce mie\u0107 kilku sponsor\u00f3w.<\/li>\n<li>ks.\u00a0 Witek dostaje list\u0119 sponsor\u00f3w na konkretny dzie\u0144, obdarza ich modlitw\u0105 oraz wymienia we wpisach na facebooku i blogu w podsumowaniu dnia.<\/li>\n<\/ol>\n<p>&nbsp;<\/p>\n<p>Jak zasponsorowa\u0107? :<\/p>\n<ol>\n<li>Sponsor wybiera sobie dowolny dzie\u0144 wyprawy, kt\u00f3ry chce symbolicznie sponsorowa\u0107<\/li>\n<li>Wp\u0142aca min 150 z\u0142 z\u0142 na konto Zuzi.<\/li>\n<li>Wysy\u0142a e-mail na adres admin@rowerowedobro.pl z:\n<ol>\n<li>potwierdzeniem wp\u0142aty (mo\u017ce by\u0107 zrzut z ekranu)<\/li>\n<li>dat\u0105 wybranego dnia<\/li>\n<li>Nazw\u0105 sponsora do publikacji.<\/li>\n<\/ol>\n<\/li>\n<\/ol>\n<p>&nbsp;<\/p>\n<p>&nbsp;<\/p>\n<table style=\"border-collapse: collapse; width: 100%;\" border=\"1\">\n<tbody>\n<tr style=\"height: 14px;\">\n<td style=\"width: 20%; height: 14px;\">data<\/td>\n<td style=\"width: 20%; height: 14px;\">sponsor<\/td>\n<td style=\"width: 20%; height: 14px;\">sponsor<\/td>\n<td style=\"width: 20%; height: 14px;\">sponsor<\/td>\n<td style=\"width: 20%; height: 14px;\">sponsor<\/td>\n<\/tr>\n<tr style=\"height: 104px;\">\n<td style=\"width: 20%; height: 104px;\">02.07<\/td>\n<td style=\"width: 20%; height: 104px;\"><span class=\"_5yl5\"> Wies\u0142aw i Dawid Handziuk Sklep Medyczny Axis Bytom.<\/span><\/td>\n<td style=\"width: 20%; height: 104px;\"><\/td>\n<td style=\"width: 20%; height: 104px;\"><\/td>\n<td style=\"width: 20%; height: 104px;\"><\/td>\n<\/tr>\n<tr style=\"height: 14px;\">\n<td style=\"width: 20%; height: 14px;\">03.07<\/td>\n<td style=\"width: 20%; height: 14px;\">Anonim<\/td>\n<td style=\"width: 20%; height: 14px;\"><\/td>\n<td style=\"width: 20%; height: 14px;\"><\/td>\n<td style=\"width: 20%; height: 14px;\"><\/td>\n<\/tr>\n<tr style=\"height: 14px;\">\n<td style=\"width: 20%; height: 14px;\">04.07<\/td>\n<td style=\"width: 20%; height: 14px;\">Anonim<\/td>\n<td style=\"width: 20%; height: 14px;\"><\/td>\n<td style=\"width: 20%; height: 14px;\"><\/td>\n<td style=\"width: 20%; height: 14px;\"><\/td>\n<\/tr>\n<tr style=\"height: 14px;\">\n<td style=\"width: 20%; height: 14px;\">05.07<\/td>\n<td style=\"width: 20%; height: 14px;\">Marta ze Starego Dzikowa<\/td>\n<td style=\"width: 20%; height: 14px;\"><\/td>\n<td style=\"width: 20%; height: 14px;\"><\/td>\n<td style=\"width: 20%; height: 14px;\"><\/td>\n<\/tr>\n<tr style=\"height: 44px;\">\n<td style=\"width: 20%; height: 44px;\">06.07<\/td>\n<td style=\"width: 20%; height: 44px;\">Emilka- \u017cona Rumuna:)<\/td>\n<td style=\"width: 20%; height: 44px;\">\u0141ukasz Bednarz<\/td>\n<td style=\"width: 20%; height: 44px;\">Piotr Sidorski<\/td>\n<td style=\"width: 20%; height: 44px;\"><\/td>\n<\/tr>\n<tr style=\"height: 14px;\">\n<td style=\"width: 20%; height: 14px;\">07.07<\/td>\n<td style=\"width: 20%; height: 14px;\">Sto\u0144 \u0141ukasz, Agnieszka, Zuzia i Ja\u015b. s\u0141onie<\/td>\n<td style=\"width: 20%; height: 14px;\"><\/td>\n<td style=\"width: 20%; height: 14px;\"><\/td>\n<td style=\"width: 20%; height: 14px;\"><\/td>\n<\/tr>\n<tr style=\"height: 14px;\">\n<td style=\"width: 20%; height: 14px;\">08.07<\/td>\n<td style=\"width: 20%; height: 14px;\">Tomasz Dziawolik z rodzin\u0105<\/td>\n<td style=\"width: 20%; height: 14px;\">Ewa i Daniel<\/td>\n<td style=\"width: 20%; height: 14px;\"><\/td>\n<td style=\"width: 20%; height: 14px;\"><\/td>\n<\/tr>\n<tr style=\"height: 14px;\">\n<td style=\"width: 20%; height: 14px;\">09.07<\/td>\n<td style=\"width: 20%; height: 14px;\">Ewa z Warszawy<\/td>\n<td style=\"width: 20%; height: 14px;\"><\/td>\n<td style=\"width: 20%; height: 14px;\"><\/td>\n<td style=\"width: 20%; height: 14px;\"><\/td>\n<\/tr>\n<tr style=\"height: 14px;\">\n<td style=\"width: 20%; height: 14px;\">10.07<\/td>\n<td style=\"width: 20%; height: 14px;\"><\/td>\n<td style=\"width: 20%; height: 14px;\"><\/td>\n<td style=\"width: 20%; height: 14px;\"><\/td>\n<td style=\"width: 20%; height: 14px;\"><\/td>\n<\/tr>\n<tr style=\"height: 14px;\">\n<td style=\"width: 20%; height: 14px;\">11.07<\/td>\n<td style=\"width: 20%; height: 14px;\">Jakub<\/td>\n<td style=\"width: 20%; height: 14px;\"><\/td>\n<td style=\"width: 20%; height: 14px;\"><\/td>\n<td style=\"width: 20%; height: 14px;\"><\/td>\n<\/tr>\n<tr style=\"height: 14px;\">\n<td style=\"width: 20%; height: 14px;\">12.07<\/td>\n<td style=\"width: 20%; height: 14px;\">Pawe\u0142<\/td>\n<td style=\"width: 20%; height: 14px;\"><\/td>\n<td style=\"width: 20%; height: 14px;\"><\/td>\n<td style=\"width: 20%; height: 14px;\"><\/td>\n<\/tr>\n<tr style=\"height: 14px;\">\n<td style=\"width: 20%; height: 14px;\">13.07<\/td>\n<td style=\"width: 20%; height: 14px;\">Maciejczyk Pod\u0142ogi i Schody Drewniane<\/td>\n<td style=\"width: 20%; height: 14px;\"><\/td>\n<td style=\"width: 20%; height: 14px;\"><\/td>\n<td style=\"width: 20%; height: 14px;\"><\/td>\n<\/tr>\n<tr style=\"height: 14px;\">\n<td style=\"width: 20%; height: 14px;\">14.07<\/td>\n<td style=\"width: 20%; height: 14px;\">Aleksandra<\/td>\n<td style=\"width: 20%; height: 14px;\">Wolontariusze Szlachetnej Paczki Rejon Tomasz\u00f3w Lubelski<\/td>\n<td style=\"width: 20%; height: 14px;\"><\/td>\n<td style=\"width: 20%; height: 14px;\"><\/td>\n<\/tr>\n<tr style=\"height: 15px;\">\n<td style=\"width: 20%; height: 15px;\">15.07<\/td>\n<td style=\"width: 20%; height: 15px;\">Kinga i Dawid<\/td>\n<td style=\"width: 20%; height: 15px;\">Kole\u017canki i koledzy Ks. Witka z siatk\u00f3wki<\/td>\n<td style=\"width: 20%; height: 15px;\"><\/td>\n<td style=\"width: 20%; height: 15px;\"><\/td>\n<\/tr>\n<tr style=\"height: 15px;\">\n<td style=\"width: 20%; height: 15px;\">16.07<\/td>\n<td style=\"width: 20%; height: 15px;\">Monika Panasiewicz<\/td>\n<td style=\"width: 20%; height: 15px;\"><\/td>\n<td style=\"width: 20%; height: 15px;\"><\/td>\n<td style=\"width: 20%; height: 15px;\"><\/td>\n<\/tr>\n<tr style=\"height: 15px;\">\n<td style=\"width: 20%; height: 15px;\">17.07<\/td>\n<td style=\"width: 20%; height: 15px;\">Edyta<\/td>\n<td style=\"width: 20%; height: 15px;\"><\/td>\n<td style=\"width: 20%; height: 15px;\"><\/td>\n<td style=\"width: 20%; height: 15px;\"><\/td>\n<\/tr>\n<tr style=\"height: 15px;\">\n<td style=\"width: 20%; height: 15px;\">18.07<\/td>\n<td style=\"width: 20%; height: 15px;\">MEDRILL<\/td>\n<td style=\"width: 20%; height: 15px;\"><\/td>\n<td style=\"width: 20%; height: 15px;\"><\/td>\n<td style=\"width: 20%; height: 15px;\"><\/td>\n<\/tr>\n<tr style=\"height: 15px;\">\n<td style=\"width: 20%; height: 15px;\">19.07<\/td>\n<td style=\"width: 20%; height: 15px;\">Alicja<\/td>\n<td style=\"width: 20%; height: 15px;\"><\/td>\n<td style=\"width: 20%; height: 15px;\"><\/td>\n<td style=\"width: 20%; height: 15px;\"><\/td>\n<\/tr>\n<tr style=\"height: 15px;\">\n<td style=\"width: 20%; height: 15px;\">20.07<\/td>\n<td style=\"width: 20%; height: 15px;\">Marian<\/td>\n<td style=\"width: 20%; height: 15px;\">Mama, Oliwka, Karol, Ewa, Bartek i Aramis<\/td>\n<td style=\"width: 20%; height: 15px;\">Agnieszka<\/td>\n<td style=\"width: 20%; height: 15px;\"><\/td>\n<\/tr>\n<tr style=\"height: 15px;\">\n<td style=\"width: 20%; height: 15px;\">21.07<\/td>\n<td style=\"width: 20%; height: 15px;\">Pracownicy Urz\u0119du Gminy Hrubiesz\u00f3w<\/td>\n<td style=\"width: 20%; height: 15px;\">Krystyna i Ryszard<\/td>\n<td style=\"width: 20%; height: 15px;\">Zarz\u0105d Terenowy NSZZ Funkcjonariuszy i Pracownik\u00f3w Wi\u0119ziennictwa oraz funkcjonariusze Zak\u0142adu Karnego w Hrubieszowie<\/td>\n<td style=\"width: 20%; height: 15px;\"><\/td>\n<\/tr>\n<tr style=\"height: 15px;\">\n<td style=\"width: 20%; height: 15px;\">22.07<\/td>\n<td style=\"width: 20%; height: 15px;\">Wolontariusze Szlachetnej Paczki Rejon Tomasz\u00f3w Lubelski<\/td>\n<td style=\"width: 20%; height: 15px;\">Teresa i Bogdan Zaj\u0105c Tomasz\u00f3w Lubelski<\/td>\n<td style=\"width: 20%; height: 15px;\">Grzegorz i Ma\u0142gorzata<\/td>\n<td style=\"width: 20%; height: 15px;\"><\/td>\n<\/tr>\n<tr>\n<td style=\"width: 20%;\"><strong>23.07 &#8211; planowany koniec wyprawy<\/strong><\/td>\n<td style=\"width: 20%;\">Agata i Jadwiga<\/td>\n<td style=\"width: 20%;\">Pracownicy PT KRUS w Hrubieszowie<\/td>\n<td style=\"width: 20%;\"><\/td>\n<td style=\"width: 20%;\"><\/td>\n<\/tr>\n<\/tbody>\n<\/table>\n<p>&nbsp;<\/p>\n","protected":false},"excerpt":{"rendered":"<p>W zwi\u0105zku z coraz wi\u0119kszym zainteresowaniem wykupywania kilometr\u00f3w dobra, obja\u015bniamy zasady tej formy pomocy dla\u00a0 Zuzi: Ten rodzaj sponsoringu jest form\u0105 symbolicznego wykupienia &#8222;kilometr\u00f3w dobra&#8221;. Pieni\u0105dze wp\u0142aca si\u0119 na konto Zuzi prowadzone przez fundacj\u0119 S\u0142oneczko. Pieni\u0105dze NIE s\u0105 przeznaczane na pokrycie koszt\u00f3w wyprawy i pracy sztabu. Jeden dzie\u0144 wyprawy mo\u017ce &hellip;<\/p>\n","protected":false},"author":1,"featured_media":7,"parent":0,"menu_order":5,"comment_status":"closed","ping_status":"closed","template":"","meta":{"footnotes":""},"class_list":["post-450","page","type-page","status-publish","has-post-thumbnail","hentry"],"jetpack_sharing_enabled":true,"jetpack_shortlink":"https:\/\/wp.me\/Pa0ROv-7g","jetpack-related-posts":[],"_links":{"self":[{"href":"https:\/\/dlazuzi.rowerowedobro.pl\/index.php?rest_route=\/wp\/v2\/pages\/450","targetHints":{"allow":["GET"]}}],"collection":[{"href":"https:\/\/dlazuzi.rowerowedobro.pl\/index.php?rest_route=\/wp\/v2\/pages"}],"about":[{"href":"https:\/\/dlazuzi.rowerowedobro.pl\/index.php?rest_route=\/wp\/v2\/types\/page"}],"author":[{"embeddable":true,"href":"https:\/\/dlazuzi.rowerowedobro.pl\/index.php?rest_route=\/wp\/v2\/users\/1"}],"replies":[{"embeddable":true,"href":"https:\/\/dlazuzi.rowerowedobro.pl\/index.php?rest_route=%2Fwp%2Fv2%2Fcomments&post=450"}],"version-history":[{"count":36,"href":"https:\/\/dlazuzi.rowerowedobro.pl\/index.php?rest_route=\/wp\/v2\/pages\/450\/revisions"}],"predecessor-version":[{"id":830,"href":"https:\/\/dlazuzi.rowerowedobro.pl\/index.php?rest_route=\/wp\/v2\/pages\/450\/revisions\/830"}],"wp:featuredmedia":[{"embeddable":true,"href":"https:\/\/dlazuzi.rowerowedobro.pl\/index.php?rest_route=\/wp\/v2\/media\/7"}],"wp:attachment":[{"href":"https:\/\/dlazuzi.rowerowedobro.pl\/index.php?rest_route=%2Fwp%2Fv2%2Fmedia&parent=450"}],"curies":[{"name":"wp","href":"https:\/\/api.w.org\/{rel}","templated":true}]}}